{"id":1789,"date":"2025-04-15T11:23:29","date_gmt":"2025-04-15T08:23:29","guid":{"rendered":"https:\/\/anmrflp.ro\/?page_id=1789"},"modified":"2025-04-15T11:26:58","modified_gmt":"2025-04-15T08:26:58","slug":"prevenirea-si-combaterea-hartuirii-la-locul-de-munca","status":"publish","type":"page","link":"https:\/\/anmrflp.ro\/index.php\/prevenirea-si-combaterea-hartuirii-la-locul-de-munca\/","title":{"rendered":"Prevenirea \u0219i combaterea h\u0103r\u021buirii la locul de munc\u0103"},"content":{"rendered":"\t\t<div data-elementor-type=\"wp-page\" data-elementor-id=\"1789\" class=\"elementor elementor-1789\">\n\t\t\t\t<div class=\"elementor-element elementor-element-1ad1d40 e-flex e-con-boxed e-con e-parent\" data-id=\"1ad1d40\" data-element_type=\"container\" data-e-type=\"container\">\n\t\t\t\t\t<div class=\"e-con-inner\">\n\t\t<div class=\"elementor-element elementor-element-110dae1 e-con-full e-flex e-con e-child\" data-id=\"110dae1\" data-element_type=\"container\" data-e-type=\"container\">\n\t\t\t\t<div class=\"elementor-element elementor-element-4bd1c1f elementor-widget elementor-widget-image\" data-id=\"4bd1c1f\" data-element_type=\"widget\" data-e-type=\"widget\" data-widget_type=\"image.default\">\n\t\t\t\t<div class=\"elementor-widget-container\">\n\t\t\t\t\t\t\t\t\t\t\t\t\t\t\t<img fetchpriority=\"high\" decoding=\"async\" width=\"1024\" height=\"1024\" src=\"https:\/\/anmrflp.ro\/wp-content\/uploads\/2025\/04\/WhatsApp-Image-2025-04-15-at-11.23.32.jpeg\" class=\"attachment-large size-large wp-image-1791\" alt=\"\" srcset=\"https:\/\/anmrflp.ro\/wp-content\/uploads\/2025\/04\/WhatsApp-Image-2025-04-15-at-11.23.32.jpeg 1024w, https:\/\/anmrflp.ro\/wp-content\/uploads\/2025\/04\/WhatsApp-Image-2025-04-15-at-11.23.32-300x300.jpeg 300w, https:\/\/anmrflp.ro\/wp-content\/uploads\/2025\/04\/WhatsApp-Image-2025-04-15-at-11.23.32-150x150.jpeg 150w, https:\/\/anmrflp.ro\/wp-content\/uploads\/2025\/04\/WhatsApp-Image-2025-04-15-at-11.23.32-768x768.jpeg 768w\" sizes=\"(max-width: 1024px) 100vw, 1024px\" \/>\t\t\t\t\t\t\t\t\t\t\t\t\t\t\t<\/div>\n\t\t\t\t<\/div>\n\t\t\t\t<\/div>\n\t\t<div class=\"elementor-element elementor-element-9810165 e-con-full e-flex e-con e-child\" data-id=\"9810165\" data-element_type=\"container\" data-e-type=\"container\">\n\t\t\t\t<div class=\"elementor-element elementor-element-3c41c8d elementor-widget elementor-widget-text-editor\" data-id=\"3c41c8d\" data-element_type=\"widget\" data-e-type=\"widget\" data-widget_type=\"text-editor.default\">\n\t\t\t\t<div class=\"elementor-widget-container\">\n\t\t\t\t\t\t\t\t\t<p>Prevenirea \u0219i combaterea h\u0103r\u021buirii la locul de munc\u0103<br \/><strong>\u0218COALA POSTLICEAL\u0102 LOUIS PASTEUR DEJ<\/strong> respect\u0103 \u0219i aplic\u0103 prevederile legisla\u021biei \u00een vigoare privind prevenirea \u0219i combaterea h\u0103r\u021buirii la locul de munc\u0103, \u00een conformitate cu Hot\u0103r\u00e2rea Guvernului nr. 970\/2023, cu modific\u0103rile \u0219i complet\u0103rile ulterioare.<\/p><p>Aceast\u0103 hot\u0103r\u00e2re reglementeaz\u0103 m\u0103surile obligatorii pentru angajatori \u00een scopul prevenirii \u0219i combaterii:<\/p><ul><li>h\u0103r\u021buirii pe criteriul de sex<\/li><li>h\u0103r\u021buirii morale la locul de munc\u0103<\/li><li>cre\u0103rii unui mediu de lucru sigur, respectuos \u0219i lipsit de orice form\u0103 de discriminare sau abuz<\/li><\/ul><p><strong>Conform HG 970\/2023<\/strong>, organiza\u021bia noastr\u0103 se angajeaz\u0103 s\u0103:<\/p><ul><li>informeze \u0219i s\u0103 instruiasc\u0103 personalul cu privire la drepturile \u0219i obliga\u021biile legale<\/li><li>adopte proceduri interne clare de prevenire \u0219i solu\u021bionare a situa\u021biilor de h\u0103r\u021buire<\/li><li>asigure un mediu de lucru bazat pe respect, echitate \u0219i demnitate<\/li><li>protejeze victimele \u0219i s\u0103 trateze cu seriozitate orice sesizare sau reclama\u021bie<\/li><\/ul><p>\u00cen cazul \u00een care angaja\u021bii, colaboratorii sau beneficiarii no\u0219tri se confrunt\u0103 cu situa\u021bii de h\u0103r\u021buire sau abuz, ace\u0219tia sunt \u00eencuraja\u021bi s\u0103 semnaleze orice comportament necorespunz\u0103tor prin canalele oficiale ale organiza\u021biei, cu garan\u021bia confiden\u021bialit\u0103\u021bii \u0219i a interven\u021biei responsabile.<\/p><p><strong>Baza legal\u0103:<\/strong><\/p><ul><li>Hot\u0103r\u00e2rea Guvernului nr. 970\/2023 privind aprobarea Normelor metodologice de aplicare a prevederilor Legii nr. 202\/2002 privind egalitatea de \u0219anse \u0219i de tratament \u00eentre femei \u0219i b\u0103rba\u021bi, republicat\u0103, cu modific\u0103rile \u0219i complet\u0103rile ulterioare.<\/li><\/ul>\t\t\t\t\t\t\t\t<\/div>\n\t\t\t\t<\/div>\n\t\t\t\t<\/div>\n\t\t\t\t\t<\/div>\n\t\t\t\t<\/div>\n\t\t\t\t<\/div>\n\t\t","protected":false},"excerpt":{"rendered":"<p>Prevenirea \u0219i combaterea h\u0103r\u021buirii la locul de munc\u0103\u0218COALA POSTLICEAL\u0102 LOUIS PASTEUR DEJ respect\u0103 \u0219i aplic\u0103 prevederile legisla\u021biei \u00een vigoare privind prevenirea \u0219i combaterea h\u0103r\u021buirii la locul de munc\u0103, \u00een conformitate cu Hot\u0103r\u00e2rea Guvernului nr. 970\/2023, cu modific\u0103rile \u0219i complet\u0103rile ulterioare. Aceast\u0103 hot\u0103r\u00e2re reglementeaz\u0103 m\u0103surile obligatorii pentru angajatori \u00een scopul prevenirii \u0219i combaterii: h\u0103r\u021buirii pe criteriul [&hellip;]<\/p>\n","protected":false},"author":1,"featured_media":0,"parent":0,"menu_order":0,"comment_status":"closed","ping_status":"closed","template":"","meta":{"footnotes":""},"class_list":["post-1789","page","type-page","status-publish","hentry"],"blocksy_meta":[],"_links":{"self":[{"href":"https:\/\/anmrflp.ro\/index.php\/wp-json\/wp\/v2\/pages\/1789","targetHints":{"allow":["GET"]}}],"collection":[{"href":"https:\/\/anmrflp.ro\/index.php\/wp-json\/wp\/v2\/pages"}],"about":[{"href":"https:\/\/anmrflp.ro\/index.php\/wp-json\/wp\/v2\/types\/page"}],"author":[{"embeddable":true,"href":"https:\/\/anmrflp.ro\/index.php\/wp-json\/wp\/v2\/users\/1"}],"replies":[{"embeddable":true,"href":"https:\/\/anmrflp.ro\/index.php\/wp-json\/wp\/v2\/comments?post=1789"}],"version-history":[{"count":4,"href":"https:\/\/anmrflp.ro\/index.php\/wp-json\/wp\/v2\/pages\/1789\/revisions"}],"predecessor-version":[{"id":1794,"href":"https:\/\/anmrflp.ro\/index.php\/wp-json\/wp\/v2\/pages\/1789\/revisions\/1794"}],"wp:attachment":[{"href":"https:\/\/anmrflp.ro\/index.php\/wp-json\/wp\/v2\/media?parent=1789"}],"curies":[{"name":"wp","href":"https:\/\/api.w.org\/{rel}","templated":true}]}}